 42421 composite?
True
Is 18407 prime?
False
Is 359081 composite?
True
Is 8881 a prime number?
False
Is 9851 a prime number?
True
Is 10219 a prime number?
False
Is 167639 a prime number?
False
Is 1637 a composite number?
False
Is 7451 a prime number?
True
Is 67493 a composite number?
False
Is 8159 prime?
False
Is 1469 a prime number?
False
Is 125527 a composite number?
False
Is 154433 a composite number?
True
Is 11338 composite?
True
Is 21343 a prime number?
False
Is 1456219 prime?
True
Is 1113843 a prime number?
False
Is 60361 prime?
False
Is 37079 a prime number?
False
Is 202591 a prime number?
True
Is 25841 prime?
True
Is 55271 prime?
False
Is 499819 a prime number?
True
Is 18511 composite?
True
Is 1163987 prime?
False
Is 93319 a composite number?
False
Is 578687 a prime number?
True
Is 1203329 composite?
False
Is 50929 a prime number?
True
Is 8843 a composite number?
True
Is 22049 a composite number?
True
Is 4955 prime?
False
Is 4783 a prime number?
True
Is 10369 a composite number?
False
Is 77641 composite?
False
Is 21977 a prime number?
True
Is 4387 a composite number?
True
Is 27479 composite?
False
Is 313271 a composite number?
True
Is 169429 a composite number?
True
Is 291379 prime?
False
Is 36247 composite?
True
Is 79009 composite?
True
Is 41333 a prime number?
True
Is 3251 a prime number?
True
Is 228457 a composite number?
False
Is 335239 prime?
False
Is 93361 composite?
True
Is 26879 composite?
False
Is 30083 composite?
True
Is 26309 composite?
False
Is 163783 prime?
False
Is 153658 composite?
True
Is 86231 a composite number?
True
Is 61229 a prime number?
False
Is 14717 a composite number?
False
Is 119 a composite number?
True
Is 22337 a prime number?
False
Is 664613 composite?
False
Is 5989 prime?
False
Is 10079 prime?
True
Is 116929 composite?
False
Is 70781 a prime number?
False
Is 12449 composite?
True
Is 61441 composite?
False
Is 193493 a prime number?
True
Is 110071 prime?
False
Is 205201 a composite number?
False
Is 2254579 composite?
False
Is 1302865 prime?
False
Is 121229 a prime number?
True
Is 56417 composite?
False
Is 2413 a composite number?
True
Is 48549 prime?
False
Is 698183 prime?
True
Is 7817 a prime number?
True
Is 5615 a composite number?
True
Is 15014 a composite number?
True
Is 26077 a composite number?
True
Is 41219 composite?
True
Is 3811 a prime number?
False
Is 2018 composite?
True
Is 127183 a prime number?
False
Is 40231 prime?
True
Is 288593 prime?
False
Is 438223 a composite number?
False
Is 243591 a prime number?
False
Is 56081 a composite number?
False
Is 111526 prime?
False
Is 745 a prime number?
False
Is 1991 composite?
True
Is 50989 composite?
False
Is 22963 a composite number?
False
Is 52135 composite?
True
Is 10061 composite?
False
Is 56371 a prime number?
False
Is 387161 a composite number?
False
Is 283267 a composite number?
False
Is 6499 prime?
False
Is 1236383 composite?
False
Is 82549 a composite number?
False
Is 16355 a prime number?
False
Is 689327 prime?
False
Is 37039 prime?
True
Is 60577 prime?
False
Is 10973 composite?
False
Is 48651 a prime number?
False
Is 22739 prime?
True
Is 1071599 composite?
True
Is 932303 composite?
False
Is 289027 a prime number?
False
Is 46679 a prime number?
True
Is 4609 prime?
False
Is 473933 composite?
True
Is 568147 composite?
True
Is 5297 a prime number?
True
Is 52489 a composite number?
False
Is 657523 composite?
False
Is 9863 a prime number?
False
Is 9533 a composite number?
False
Is 38693 a prime number?
True
Is 121981 a composite number?
True
Is 578399 a prime number?
True
Is 63445 a prime number?
False
Is 101017 composite?
True
Is 717661 a composite number?
True
Is 11127 composite?
True
Is 107441 composite?
False
Is 67157 a prime number?
True
Is 14519 a prime number?
True
Is 48301 a prime number?
False
Is 2386 a prime number?
False
Is 16217 prime?
True
Is 623 prime?
False
Is 41759 a composite number?
False
Is 2216989 composite?
False
Is 97117 prime?
True
Is 43657 prime?
False
Is 2933587 composite?
True
Is 10021 prime?
False
Is 39473 prime?
False
Is 15527 prime?
True
Is 226807 prime?
False
Is 240323 prime?
False
Is 5059 composite?
False
Is 60527 composite?
False
Is 136307 a composite number?
True
Is 7057 a prime number?
True
Is 6499 prime?
False
Is 31379 composite?
False
Is 191 a prime number?
True
Is 189901 a prime number?
True
Is 13553 composite?
False
Is 16177 composite?
True
Is 1769 a composite number?
True
Is 6431 a prime number?
False
Is 116329 prime?
True
Is 1044149 a composite number?
False
Is 36319 prime?
True
Is 12079 composite?
True
Is 633833 a composite number?
False
Is 139901 composite?
False
Is 78361 composite?
True
Is 2315141 a prime number?
True
Is 66437 a composite number?
True
Is 14513 a composite number?
True
Is 94595 composite?
True
Is 5926 a composite number?
True
Is 57059 prime?
True
Is 2100967 a prime number?
False
Is 4033 composite?
True
Is 869551 composite?
False
Is 696791 prime?
False
Is 29779 a composite number?
True
Is 37399 prime?
False
Is 1026331 prime?
True
Is 4789 a composite number?
False
Is 107563 composite?
False
Is 131993 composite?
True
Is 422657 a prime number?
True
Is 237 a prime number?
False
Is 587411 a prime number?
False
Is 29734 composite?
True
Is 78977 a composite number?
False
Is 165799 prime?
True
Is 611603 prime?
True
Is 69922 a prime number?
False
Is 3847 prime?
True
Is 2333 a prime number?
True
Is 2027221 composite?
True
Is 1161059 a prime number?
True
Is 30341 a composite number?
False
Is 1585279 prime?
True
Is 2827949 a prime number?
False
Is 110221 a prime number?
True
Is 325709 a prime number?
True
Is 11677 a composite number?
False
Is 872927 composite?
True
Is 456679 a composite number?
False
Is 67783 a prime number?
True
Is 354047 a prime number?
True
Is 16495 prime?
False
Is 303817 prime?
True
Is 81201 a composite number?
True
Is 83431 a prime number?
True
Is 144289 composite?
False
Is 1765 prime?
False
Is 5879 composite?
False
Is 46619 prime?
True
Is 172759 a prime number?
True
Is 24143 composite?
True
Is 6637 prime?
True
Is 21215 composite?
True
Is 4871 prime?
True
Is 20465 prime?
False
Is 89617 composite?
True
Is 285599 prime?
True
Is 11477 a composite number?
True
Is 550217 prime?
False
Is 76562 prime?
False
Is 6467 a prime number?
False
Is 32831 composite?
False
Is 62969 a prime number?
True
Is 34097 a prime number?
False
Is 13579 a composite number?
True
Is 1124393 a prime number?
False
Is 600029 composite?
True
Is 87583 prime?
True
Is 40085 prime?
False
Is 389 a composite number?
False
Is 183 a composite number?
True
Is 109627 a prime number?
False
Is 9763 a prime number?
False
Is 833969 prime?
False
Is 34094 prime?
False
Is 6067 a prime number?
True
Is 277703 prime?
True
Is 8147 a composite number?
False
Is 254119 a composite number?
False
Is 11302 prime?
False
Is 60077 prime?
True
Is 72515 a composite number?
True
Is 44095 composite?
True
Is 61219 prime?
False
Is 196201 a prime number?
True
Is 27415 a prime number?
False
Is 557261 prime?
True
Is 139703 prime?
True
Is 270563 a prime number?
True
Is 53017 composite?
False
Is 331 a composite number?
False
Is 1516607 a composite number?
False
Is 11021 a prime number?
False
Is 76367 prime?
True
Is 6521 a prime number?
True
Is 68455 prime?
False
Is 55729 a composite number?
True
Is 230999 composite?
False
Is 28387 a composite number?
False
Is 85 composite?
True
Is 28345 composite?
True
Is 7451 prime?
True
Is 913037 prime?
True
Is 126703 composite?
False
Is 25873 a composite number?
False
Is 254739 composite?
True
Is 1693 a composite number?
False
Is 3799 composite?
True
Is 58459 a composite number?
True
Is 8939 a prime number?
False
Is 19519 a composite number?
True
Is 523007 composite?
False
Is 5807 composite?
False
Is 14503 composite?
False
Is 36433 a prime number?
True
Is 13751 a composite number?
False
Is 20095 a composite number?
True
Is 44783 a composite number?
True
Is 175481 composite?
False
Is 9781 composite?
False
Is 133573 a composite number?
True
Is 8323617 prime?
False
Is 1511 prime?
True
Is 8501 a composite number?
False
Is 2813 composite?
True
Is 31471 prime?
False
Is 2231 prime?
False
Is 6121 a prime number?
True
Is 62171 a composite number?
False
Is 91717 a prime number?
False
Is 54037 prime?
True
Is 330887 a composite n